{"id":379,"date":"2021-04-19T03:22:13","date_gmt":"2021-04-19T01:22:13","guid":{"rendered":"http:\/\/www.itamp.org\/index.php\/?page_id=379"},"modified":"2021-04-27T18:27:41","modified_gmt":"2021-04-27T16:27:41","slug":"story","status":"publish","type":"page","link":"https:\/\/www.itamp.org\/index.php\/story\/","title":{"rendered":"Story"},"content":{"rendered":"\t\t<div data-elementor-type=\"wp-page\" data-elementor-id=\"379\" class=\"elementor elementor-379\" data-elementor-settings=\"[]\">\n\t\t\t\t\t\t\t<div class=\"elementor-section-wrap\">\n\t\t\t\t\t\t\t<section class=\"elementor-section elementor-top-section elementor-element elementor-element-5a121d7 elementor-section-boxed elementor-section-height-default elementor-section-height-default\" data-id=\"5a121d7\" data-element_type=\"section\">\n\t\t\t\t\t\t<div class=\"elementor-container elementor-column-gap-default\">\n\t\t\t\t\t<div class=\"elementor-column elementor-col-100 elementor-top-column elementor-element elementor-element-5d7498f\" data-id=\"5d7498f\" data-element_type=\"column\">\n\t\t\t<div class=\"elementor-widget-wrap elementor-element-populated\">\n\t\t\t\t\t\t\t\t<div class=\"elementor-element elementor-element-f6fd946 elementor-widget elementor-widget-text-editor\" data-id=\"f6fd946\" data-element_type=\"widget\" data-widget_type=\"text-editor.default\">\n\t\t\t\t<div class=\"elementor-widget-container\">\n\t\t\t\t\t<div class=\"elementor-text-editor elementor-clearfix\"><p>La Itamp S.r.l Sistemo Tecnologici nasce nel gennaio del 2010 a seguito dello sviluppo economico e commerciale dell&#8217;impresa individuale Itamp Sistemi Tecnologici, di Corrado Migliore operante sul mercato dal 1993, dalla quale, nell&#8217;anno 2012, alla luce di perizie stimate, vengono conferiti alla nuoca societ\u00e0 alcuni rami aziendali. Il conferimento dei rami d&#8217;azienda oltre a dare maggiore risalto all&#8217;immagine della societ\u00e0, ha portato con s\u00e9 non solo le immolazioni materiali, ma anche l&#8217;esperienza pluriventennale della ditta. La societ\u00e0 segue le naturali tendenze di mercato , su scala civile e industriale, attraverso l&#8217;installazione, la trasformazione, l&#8217;ampliamento, la manutenzione e la progettazione di impianti tecnologici di ogni genere.<\/p><\/div>\n\t\t\t\t<\/div>\n\t\t\t\t<\/div>\n\t\t\t\t<div class=\"elementor-element elementor-element-6021f9a elementor-widget-divider--view-line elementor-widget elementor-widget-divider\" data-id=\"6021f9a\" data-element_type=\"widget\" data-widget_type=\"divider.default\">\n\t\t\t\t<div class=\"elementor-widget-container\">\n\t\t\t\t\t<div class=\"elementor-divider\">\n\t\t\t<span class=\"elementor-divider-separator\">\n\t\t\t\t\t\t<\/span>\n\t\t<\/div>\n\t\t\t\t<\/div>\n\t\t\t\t<\/div>\n\t\t\t\t\t<\/div>\n\t\t<\/div>\n\t\t\t\t\t\t\t<\/div>\n\t\t<\/section>\n\t\t\t\t<section class=\"elementor-section elementor-top-section elementor-element elementor-element-c272490 elementor-section-boxed elementor-section-height-default elementor-section-height-default\" data-id=\"c272490\" data-element_type=\"section\">\n\t\t\t\t\t\t<div class=\"elementor-container elementor-column-gap-default\">\n\t\t\t\t\t<div class=\"elementor-column elementor-col-100 elementor-top-column elementor-element elementor-element-ad6aa70\" data-id=\"ad6aa70\" data-element_type=\"column\">\n\t\t\t<div class=\"elementor-widget-wrap elementor-element-populated\">\n\t\t\t\t\t\t\t\t<div class=\"elementor-element elementor-element-6a08412 elementor-widget elementor-widget-image\" data-id=\"6a08412\" data-element_type=\"widget\" data-widget_type=\"image.default\">\n\t\t\t\t<div class=\"elementor-widget-container\">\n\t\t\t\t\t<div class=\"elementor-image\">\n\t\t\t\t\t\t\t\t\t\t<img width=\"591\" height=\"827\" src=\"https:\/\/www.itamp.org\/wp-content\/uploads\/2021\/04\/PIEGHEVOLE-EST-SRL_page-0001-1.jpg\" class=\"attachment-large size-large\" alt=\"\" loading=\"lazy\" \/>\t\t\t\t\t\t\t\t\t\t\t<\/div>\n\t\t\t\t<\/div>\n\t\t\t\t<\/div>\n\t\t\t\t\t<\/div>\n\t\t<\/div>\n\t\t\t\t\t\t\t<\/div>\n\t\t<\/section>\n\t\t\t\t<section class=\"elementor-section elementor-top-section elementor-element elementor-element-bb78a78 elementor-section-boxed elementor-section-height-default elementor-section-height-default\" data-id=\"bb78a78\" data-element_type=\"section\">\n\t\t\t\t\t\t<div class=\"elementor-container elementor-column-gap-default\">\n\t\t\t\t\t<div class=\"elementor-column elementor-col-100 elementor-top-column elementor-element elementor-element-3272c21\" data-id=\"3272c21\" data-element_type=\"column\">\n\t\t\t<div class=\"elementor-widget-wrap elementor-element-populated\">\n\t\t\t\t\t\t\t\t<div class=\"elementor-element elementor-element-fe32861 elementor-widget-divider--view-line elementor-widget elementor-widget-divider\" data-id=\"fe32861\" data-element_type=\"widget\" data-widget_type=\"divider.default\">\n\t\t\t\t<div class=\"elementor-widget-container\">\n\t\t\t\t\t<div class=\"elementor-divider\">\n\t\t\t<span class=\"elementor-divider-separator\">\n\t\t\t\t\t\t<\/span>\n\t\t<\/div>\n\t\t\t\t<\/div>\n\t\t\t\t<\/div>\n\t\t\t\t<div class=\"elementor-element elementor-element-6f0ecdb elementor-widget elementor-widget-text-editor\" data-id=\"6f0ecdb\" data-element_type=\"widget\" data-widget_type=\"text-editor.default\">\n\t\t\t\t<div class=\"elementor-widget-container\">\n\t\t\t\t\t<div class=\"elementor-text-editor elementor-clearfix\"><p>Nell&#8217;ultimo decennio opera con maggiore cura e attenzione nella gestione e nell&#8217;uso di fonti rinnovabili, nella continua ricerca di soluzioni che mirano al risparmi e alla tutela dell&#8217;ambiente; contestualmente offre un efficiente servizio di consulenza per la realizzazione di nuove idee progettuali, grazie ad un team di tecnici e uno di installatori abilitati e qualificati operativi sul territorio nazionale. L&#8217;ornanigramma societario, per meglio garantire i servizi, \u00e8 diversificato nei seguenti rami aziendali; Amministrativo, Tecnico-Progettuale, Commerciale, Tecnico-logistico.<\/p><\/div>\n\t\t\t\t<\/div>\n\t\t\t\t<\/div>\n\t\t\t\t\t<\/div>\n\t\t<\/div>\n\t\t\t\t\t\t\t<\/div>\n\t\t<\/section>\n\t\t\t\t<section class=\"elementor-section elementor-top-section elementor-element elementor-element-241980d elementor-section-boxed elementor-section-height-default elementor-section-height-default\" data-id=\"241980d\" data-element_type=\"section\">\n\t\t\t\t\t\t<div class=\"elementor-container elementor-column-gap-default\">\n\t\t\t\t\t<div class=\"elementor-column elementor-col-100 elementor-top-column elementor-element elementor-element-b835a74\" data-id=\"b835a74\" data-element_type=\"column\">\n\t\t\t<div class=\"elementor-widget-wrap elementor-element-populated\">\n\t\t\t\t\t\t\t\t<div class=\"elementor-element elementor-element-541ab57 elementor-widget-divider--view-line elementor-widget elementor-widget-divider\" data-id=\"541ab57\" data-element_type=\"widget\" data-widget_type=\"divider.default\">\n\t\t\t\t<div class=\"elementor-widget-container\">\n\t\t\t\t\t<div class=\"elementor-divider\">\n\t\t\t<span class=\"elementor-divider-separator\">\n\t\t\t\t\t\t<\/span>\n\t\t<\/div>\n\t\t\t\t<\/div>\n\t\t\t\t<\/div>\n\t\t\t\t<div class=\"elementor-element elementor-element-23483f3 elementor-widget elementor-widget-image\" data-id=\"23483f3\" data-element_type=\"widget\" data-widget_type=\"image.default\">\n\t\t\t\t<div class=\"elementor-widget-container\">\n\t\t\t\t\t<div class=\"elementor-image\">\n\t\t\t\t\t\t\t\t\t\t<img width=\"640\" height=\"427\" src=\"https:\/\/www.itamp.org\/wp-content\/uploads\/2021\/04\/IMG_1961-1024x683.jpg\" class=\"attachment-large size-large\" alt=\"\" loading=\"lazy\" srcset=\"https:\/\/www.itamp.org\/wp-content\/uploads\/2021\/04\/IMG_1961-1024x683.jpg 1024w, https:\/\/www.itamp.org\/wp-content\/uploads\/2021\/04\/IMG_1961-300x200.jpg 300w, https:\/\/www.itamp.org\/wp-content\/uploads\/2021\/04\/IMG_1961-768x512.jpg 768w, https:\/\/www.itamp.org\/wp-content\/uploads\/2021\/04\/IMG_1961-1536x1024.jpg 1536w, https:\/\/www.itamp.org\/wp-content\/uploads\/2021\/04\/IMG_1961-2048x1365.jpg 2048w, https:\/\/www.itamp.org\/wp-content\/uploads\/2021\/04\/IMG_1961-600x400.jpg 600w\" sizes=\"(max-width: 640px) 100vw, 640px\" \/>\t\t\t\t\t\t\t\t\t\t\t<\/div>\n\t\t\t\t<\/div>\n\t\t\t\t<\/div>\n\t\t\t\t\t<\/div>\n\t\t<\/div>\n\t\t\t\t\t\t\t<\/div>\n\t\t<\/section>\n\t\t\t\t<section class=\"elementor-section elementor-top-section elementor-element elementor-element-c69e69e elementor-section-boxed elementor-section-height-default elementor-section-height-default\" data-id=\"c69e69e\" data-element_type=\"section\">\n\t\t\t\t\t\t<div class=\"elementor-container elementor-column-gap-default\">\n\t\t\t\t\t<div class=\"elementor-column elementor-col-100 elementor-top-column elementor-element elementor-element-2796e92\" data-id=\"2796e92\" data-element_type=\"column\">\n\t\t\t<div class=\"elementor-widget-wrap elementor-element-populated\">\n\t\t\t\t\t\t\t\t<div class=\"elementor-element elementor-element-3defa7d elementor-widget-divider--view-line elementor-widget elementor-widget-divider\" data-id=\"3defa7d\" data-element_type=\"widget\" data-widget_type=\"divider.default\">\n\t\t\t\t<div class=\"elementor-widget-container\">\n\t\t\t\t\t<div class=\"elementor-divider\">\n\t\t\t<span class=\"elementor-divider-separator\">\n\t\t\t\t\t\t<\/span>\n\t\t<\/div>\n\t\t\t\t<\/div>\n\t\t\t\t<\/div>\n\t\t\t\t<div class=\"elementor-element elementor-element-cebc46d elementor-widget elementor-widget-text-editor\" data-id=\"cebc46d\" data-element_type=\"widget\" data-widget_type=\"text-editor.default\">\n\t\t\t\t<div class=\"elementor-widget-container\">\n\t\t\t\t\t<div class=\"elementor-text-editor elementor-clearfix\"><p>La politica della Itamp S.r.l \u00e8 di traferire al cliente finale la consapevolezza di un investimento che coniuga le esigenze del cliente stesso, il comfort, la sicurezza, il rispetto dell&#8217;ambiente, con la possibilit\u00e0 di risparmio sui costi di realizzazione e di gestione energetica delle proprie strutture abitative commerciali e industriali. La societ\u00e0 ha adottato sin dal primo momento i criteri di gestione volti al raggiungimento di alti livelli di standardizzazione ed efficienza nella gestione del sistema aziendale. Itamp s.r.l pur avendo ancora iniziato da poco l&#8217;iter per la certificazione opera secondo gli standard internazionali sulle responsabilit\u00e0 sociale d&#8217;impresa , volti al rispetto dei diritti umani, il rispetto dei diritti dei lavoratori, la tutela contro sfruttamento dei minori, le garanzie di sicurezza e salubrit\u00e0 sul posto di lavoro.<\/p><\/div>\n\t\t\t\t<\/div>\n\t\t\t\t<\/div>\n\t\t\t\t<div class=\"elementor-element elementor-element-afddc86 elementor-widget-divider--view-line elementor-widget elementor-widget-divider\" data-id=\"afddc86\" data-element_type=\"widget\" data-widget_type=\"divider.default\">\n\t\t\t\t<div class=\"elementor-widget-container\">\n\t\t\t\t\t<div class=\"elementor-divider\">\n\t\t\t<span class=\"elementor-divider-separator\">\n\t\t\t\t\t\t<\/span>\n\t\t<\/div>\n\t\t\t\t<\/div>\n\t\t\t\t<\/div>\n\t\t\t\t\t<\/div>\n\t\t<\/div>\n\t\t\t\t\t\t\t<\/div>\n\t\t<\/section>\n\t\t\t\t<section class=\"elementor-section elementor-top-section elementor-element elementor-element-fd7cba6 elementor-section-boxed elementor-section-height-default elementor-section-height-default\" data-id=\"fd7cba6\" data-element_type=\"section\">\n\t\t\t\t\t\t<div class=\"elementor-container elementor-column-gap-default\">\n\t\t\t\t\t<div class=\"elementor-column elementor-col-100 elementor-top-column elementor-element elementor-element-c9d4320\" data-id=\"c9d4320\" data-element_type=\"column\">\n\t\t\t<div class=\"elementor-widget-wrap elementor-element-populated\">\n\t\t\t\t\t\t\t\t<div class=\"elementor-element elementor-element-fe8a423 elementor-widget elementor-widget-image\" data-id=\"fe8a423\" data-element_type=\"widget\" data-widget_type=\"image.default\">\n\t\t\t\t<div class=\"elementor-widget-container\">\n\t\t\t\t\t<div class=\"elementor-image\">\n\t\t\t\t\t\t\t\t\t\t<img width=\"640\" height=\"236\" src=\"https:\/\/www.itamp.org\/wp-content\/uploads\/2021\/04\/cropped-logo-itamp.jpg\" class=\"attachment-large size-large\" alt=\"\" loading=\"lazy\" srcset=\"https:\/\/www.itamp.org\/wp-content\/uploads\/2021\/04\/cropped-logo-itamp.jpg 776w, https:\/\/www.itamp.org\/wp-content\/uploads\/2021\/04\/cropped-logo-itamp-300x111.jpg 300w, https:\/\/www.itamp.org\/wp-content\/uploads\/2021\/04\/cropped-logo-itamp-768x283.jpg 768w\" sizes=\"(max-width: 640px) 100vw, 640px\" \/>\t\t\t\t\t\t\t\t\t\t\t<\/div>\n\t\t\t\t<\/div>\n\t\t\t\t<\/div>\n\t\t\t\t\t<\/div>\n\t\t<\/div>\n\t\t\t\t\t\t\t<\/div>\n\t\t<\/section>\n\t\t\t\t\t\t<\/div>\n\t\t\t\t\t<\/div>\n\t\t","protected":false},"excerpt":{"rendered":"<p>La Itamp S.r.l Sistemo Tecnologici nasce nel gennaio del 2010 a seguito dello sviluppo economico e commerciale dell&#8217;impresa individuale Itamp Sistemi Tecnologici, di Corrado Migliore operante sul mercato dal 1993, dalla quale, nell&#8217;anno 2012, alla luce di perizie stimate, vengono conferiti alla nuoca societ\u00e0 alcuni rami aziendali. Il conferimento dei rami d&#8217;azienda oltre a dare maggiore risalto all&#8217;immagine della societ\u00e0,&#8230;<\/p>\n","protected":false},"author":1,"featured_media":0,"parent":0,"menu_order":0,"comment_status":"closed","ping_status":"closed","template":"","meta":[],"_links":{"self":[{"href":"https:\/\/www.itamp.org\/index.php\/wp-json\/wp\/v2\/pages\/379"}],"collection":[{"href":"https:\/\/www.itamp.org\/index.php\/wp-json\/wp\/v2\/pages"}],"about":[{"href":"https:\/\/www.itamp.org\/index.php\/wp-json\/wp\/v2\/types\/page"}],"author":[{"embeddable":true,"href":"https:\/\/www.itamp.org\/index.php\/wp-json\/wp\/v2\/users\/1"}],"replies":[{"embeddable":true,"href":"https:\/\/www.itamp.org\/index.php\/wp-json\/wp\/v2\/comments?post=379"}],"version-history":[{"count":26,"href":"https:\/\/www.itamp.org\/index.php\/wp-json\/wp\/v2\/pages\/379\/revisions"}],"predecessor-version":[{"id":813,"href":"https:\/\/www.itamp.org\/index.php\/wp-json\/wp\/v2\/pages\/379\/revisions\/813"}],"wp:attachment":[{"href":"https:\/\/www.itamp.org\/index.php\/wp-json\/wp\/v2\/media?parent=379"}],"curies":[{"name":"wp","href":"https:\/\/api.w.org\/{rel}","templated":true}]}}