{"id":432,"date":"2021-04-19T17:11:24","date_gmt":"2021-04-19T15:11:24","guid":{"rendered":"http:\/\/www.itamp.org\/index.php\/?page_id=432"},"modified":"2021-07-14T18:15:31","modified_gmt":"2021-07-14T16:15:31","slug":"pompedicalore","status":"publish","type":"page","link":"https:\/\/www.itamp.org\/index.php\/pompedicalore\/","title":{"rendered":"Pompe di Calore"},"content":{"rendered":"\t\t<div data-elementor-type=\"wp-page\" data-elementor-id=\"432\" class=\"elementor elementor-432\" data-elementor-settings=\"[]\">\n\t\t\t\t\t\t\t<div class=\"elementor-section-wrap\">\n\t\t\t\t\t\t\t<section class=\"elementor-section elementor-top-section elementor-element elementor-element-534311a elementor-section-boxed elementor-section-height-default elementor-section-height-default\" data-id=\"534311a\" data-element_type=\"section\">\n\t\t\t\t\t\t<div class=\"elementor-container elementor-column-gap-default\">\n\t\t\t\t\t<div class=\"elementor-column elementor-col-100 elementor-top-column elementor-element elementor-element-cad7826\" data-id=\"cad7826\" data-element_type=\"column\">\n\t\t\t<div class=\"elementor-widget-wrap elementor-element-populated\">\n\t\t\t\t\t\t\t\t<div class=\"elementor-element elementor-element-26eba37 elementor-widget elementor-widget-text-editor\" data-id=\"26eba37\" data-element_type=\"widget\" data-widget_type=\"text-editor.default\">\n\t\t\t\t<div class=\"elementor-widget-container\">\n\t\t\t\t\t<div class=\"elementor-text-editor elementor-clearfix\"><p>Le pompe di calore (Pdc) sono apparecchiature in grado di traferire energia termica da una sorgente a temperatura pi\u00f9 bassa ad una sorgente a temperatura pi\u00f9 bassa ad una sorgente a temperatura pi\u00f9 alta, utilizzando differenti forme di energia, generalmente elettrica. Ad esempio, per il riscaldamento invernale di un edificio, una pompa di calore opera sottraendo calore all&#8217;ambiente esterno, per fornirlo agli spazi interni, mantenendoli a caldo.<\/p><\/div>\n\t\t\t\t<\/div>\n\t\t\t\t<\/div>\n\t\t\t\t\t<\/div>\n\t\t<\/div>\n\t\t\t\t\t\t\t<\/div>\n\t\t<\/section>\n\t\t\t\t<section class=\"elementor-section elementor-top-section elementor-element elementor-element-5344374 elementor-section-boxed elementor-section-height-default elementor-section-height-default\" data-id=\"5344374\" data-element_type=\"section\">\n\t\t\t\t\t\t<div class=\"elementor-container elementor-column-gap-default\">\n\t\t\t\t\t<div class=\"elementor-column elementor-col-100 elementor-top-column elementor-element elementor-element-152ba68\" data-id=\"152ba68\" data-element_type=\"column\">\n\t\t\t<div class=\"elementor-widget-wrap elementor-element-populated\">\n\t\t\t\t\t\t\t\t<div class=\"elementor-element elementor-element-41c4220 elementor-widget elementor-widget-image\" data-id=\"41c4220\" data-element_type=\"widget\" data-widget_type=\"image.default\">\n\t\t\t\t<div class=\"elementor-widget-container\">\n\t\t\t\t\t<div class=\"elementor-image\">\n\t\t\t\t\t\t\t\t\t\t<img width=\"640\" height=\"640\" src=\"https:\/\/www.itamp.org\/wp-content\/uploads\/2021\/07\/69612628_2387697347983675_2277177585731371008_n-1024x1024.jpg\" class=\"attachment-large size-large\" alt=\"\" loading=\"lazy\" srcset=\"https:\/\/www.itamp.org\/wp-content\/uploads\/2021\/07\/69612628_2387697347983675_2277177585731371008_n-1024x1024.jpg 1024w, https:\/\/www.itamp.org\/wp-content\/uploads\/2021\/07\/69612628_2387697347983675_2277177585731371008_n-300x300.jpg 300w, https:\/\/www.itamp.org\/wp-content\/uploads\/2021\/07\/69612628_2387697347983675_2277177585731371008_n-150x150.jpg 150w, https:\/\/www.itamp.org\/wp-content\/uploads\/2021\/07\/69612628_2387697347983675_2277177585731371008_n-768x768.jpg 768w, https:\/\/www.itamp.org\/wp-content\/uploads\/2021\/07\/69612628_2387697347983675_2277177585731371008_n.jpg 1440w\" sizes=\"(max-width: 640px) 100vw, 640px\" \/>\t\t\t\t\t\t\t\t\t\t\t<\/div>\n\t\t\t\t<\/div>\n\t\t\t\t<\/div>\n\t\t\t\t\t<\/div>\n\t\t<\/div>\n\t\t\t\t\t\t\t<\/div>\n\t\t<\/section>\n\t\t\t\t<section class=\"elementor-section elementor-top-section elementor-element elementor-element-277165a elementor-section-boxed elementor-section-height-default elementor-section-height-default\" data-id=\"277165a\" data-element_type=\"section\">\n\t\t\t\t\t\t<div class=\"elementor-container elementor-column-gap-default\">\n\t\t\t\t\t<div class=\"elementor-column elementor-col-100 elementor-top-column elementor-element elementor-element-7c08a01\" data-id=\"7c08a01\" data-element_type=\"column\">\n\t\t\t<div class=\"elementor-widget-wrap elementor-element-populated\">\n\t\t\t\t\t\t\t\t<div class=\"elementor-element elementor-element-ec23e45 elementor-widget elementor-widget-text-editor\" data-id=\"ec23e45\" data-element_type=\"widget\" data-widget_type=\"text-editor.default\">\n\t\t\t\t<div class=\"elementor-widget-container\">\n\t\t\t\t\t<div class=\"elementor-text-editor elementor-clearfix\"><p>1) Si abbina con pannelli radianti, francio e termosifoni ed \u00e8 in grado di produrre acqua calda sanitaria riducendo le spese di ben oltre il 60% rispetto al classico scalda acqua elettrico;<\/p><\/div>\n\t\t\t\t<\/div>\n\t\t\t\t<\/div>\n\t\t\t\t\t<\/div>\n\t\t<\/div>\n\t\t\t\t\t\t\t<\/div>\n\t\t<\/section>\n\t\t\t\t<section class=\"elementor-section elementor-top-section elementor-element elementor-element-28d94d2 elementor-section-boxed elementor-section-height-default elementor-section-height-default\" data-id=\"28d94d2\" data-element_type=\"section\">\n\t\t\t\t\t\t<div class=\"elementor-container elementor-column-gap-default\">\n\t\t\t\t\t<div class=\"elementor-column elementor-col-100 elementor-top-column elementor-element elementor-element-9bd880b\" data-id=\"9bd880b\" data-element_type=\"column\">\n\t\t\t<div class=\"elementor-widget-wrap elementor-element-populated\">\n\t\t\t\t\t\t\t\t<div class=\"elementor-element elementor-element-579694d elementor-widget elementor-widget-image\" data-id=\"579694d\" data-element_type=\"widget\" data-widget_type=\"image.default\">\n\t\t\t\t<div class=\"elementor-widget-container\">\n\t\t\t\t\t<div class=\"elementor-image\">\n\t\t\t\t\t\t\t\t\t\t<img width=\"640\" height=\"640\" src=\"https:\/\/www.itamp.org\/wp-content\/uploads\/2021\/07\/171205164_3851510421602353_8437543834673825888_n.jpg\" class=\"attachment-large size-large\" alt=\"\" loading=\"lazy\" srcset=\"https:\/\/www.itamp.org\/wp-content\/uploads\/2021\/07\/171205164_3851510421602353_8437543834673825888_n.jpg 1024w, https:\/\/www.itamp.org\/wp-content\/uploads\/2021\/07\/171205164_3851510421602353_8437543834673825888_n-300x300.jpg 300w, https:\/\/www.itamp.org\/wp-content\/uploads\/2021\/07\/171205164_3851510421602353_8437543834673825888_n-150x150.jpg 150w, https:\/\/www.itamp.org\/wp-content\/uploads\/2021\/07\/171205164_3851510421602353_8437543834673825888_n-768x768.jpg 768w\" sizes=\"(max-width: 640px) 100vw, 640px\" \/>\t\t\t\t\t\t\t\t\t\t\t<\/div>\n\t\t\t\t<\/div>\n\t\t\t\t<\/div>\n\t\t\t\t\t<\/div>\n\t\t<\/div>\n\t\t\t\t\t\t\t<\/div>\n\t\t<\/section>\n\t\t\t\t<section class=\"elementor-section elementor-top-section elementor-element elementor-element-23b969f elementor-section-boxed elementor-section-height-default elementor-section-height-default\" data-id=\"23b969f\" data-element_type=\"section\">\n\t\t\t\t\t\t<div class=\"elementor-container elementor-column-gap-default\">\n\t\t\t\t\t<div class=\"elementor-column elementor-col-100 elementor-top-column elementor-element elementor-element-00f2bee\" data-id=\"00f2bee\" data-element_type=\"column\">\n\t\t\t<div class=\"elementor-widget-wrap elementor-element-populated\">\n\t\t\t\t\t\t\t\t<div class=\"elementor-element elementor-element-dd3773d elementor-widget elementor-widget-text-editor\" data-id=\"dd3773d\" data-element_type=\"widget\" data-widget_type=\"text-editor.default\">\n\t\t\t\t<div class=\"elementor-widget-container\">\n\t\t\t\t\t<div class=\"elementor-text-editor elementor-clearfix\"><p>2) Riduce le spese di riscaldamento fino al 30% rispetto ai migliori sitemi convenzionali (caldaie a condensazione);<\/p><\/div>\n\t\t\t\t<\/div>\n\t\t\t\t<\/div>\n\t\t\t\t\t<\/div>\n\t\t<\/div>\n\t\t\t\t\t\t\t<\/div>\n\t\t<\/section>\n\t\t\t\t<section class=\"elementor-section elementor-top-section elementor-element elementor-element-f24d3f7 elementor-section-boxed elementor-section-height-default elementor-section-height-default\" data-id=\"f24d3f7\" data-element_type=\"section\">\n\t\t\t\t\t\t<div class=\"elementor-container elementor-column-gap-default\">\n\t\t\t\t\t<div class=\"elementor-column elementor-col-100 elementor-top-column elementor-element elementor-element-b6d4e92\" data-id=\"b6d4e92\" data-element_type=\"column\">\n\t\t\t<div class=\"elementor-widget-wrap elementor-element-populated\">\n\t\t\t\t\t\t\t\t<div class=\"elementor-element elementor-element-5b4d44c elementor-widget elementor-widget-image\" data-id=\"5b4d44c\" data-element_type=\"widget\" data-widget_type=\"image.default\">\n\t\t\t\t<div class=\"elementor-widget-container\">\n\t\t\t\t\t<div class=\"elementor-image\">\n\t\t\t\t\t\t\t\t\t\t<img width=\"640\" height=\"640\" src=\"https:\/\/www.itamp.org\/wp-content\/uploads\/2021\/07\/171176269_3851510431602352_4003222085392419448_n.jpg\" class=\"attachment-large size-large\" alt=\"\" loading=\"lazy\" srcset=\"https:\/\/www.itamp.org\/wp-content\/uploads\/2021\/07\/171176269_3851510431602352_4003222085392419448_n.jpg 1024w, https:\/\/www.itamp.org\/wp-content\/uploads\/2021\/07\/171176269_3851510431602352_4003222085392419448_n-300x300.jpg 300w, https:\/\/www.itamp.org\/wp-content\/uploads\/2021\/07\/171176269_3851510431602352_4003222085392419448_n-150x150.jpg 150w, https:\/\/www.itamp.org\/wp-content\/uploads\/2021\/07\/171176269_3851510431602352_4003222085392419448_n-768x768.jpg 768w\" sizes=\"(max-width: 640px) 100vw, 640px\" \/>\t\t\t\t\t\t\t\t\t\t\t<\/div>\n\t\t\t\t<\/div>\n\t\t\t\t<\/div>\n\t\t\t\t\t<\/div>\n\t\t<\/div>\n\t\t\t\t\t\t\t<\/div>\n\t\t<\/section>\n\t\t\t\t<section class=\"elementor-section elementor-top-section elementor-element elementor-element-00f4b86 elementor-section-boxed elementor-section-height-default elementor-section-height-default\" data-id=\"00f4b86\" data-element_type=\"section\">\n\t\t\t\t\t\t<div class=\"elementor-container elementor-column-gap-default\">\n\t\t\t\t\t<div class=\"elementor-column elementor-col-100 elementor-top-column elementor-element elementor-element-d7ee26a\" data-id=\"d7ee26a\" data-element_type=\"column\">\n\t\t\t<div class=\"elementor-widget-wrap elementor-element-populated\">\n\t\t\t\t\t\t\t\t<div class=\"elementor-element elementor-element-a309048 elementor-widget elementor-widget-text-editor\" data-id=\"a309048\" data-element_type=\"widget\" data-widget_type=\"text-editor.default\">\n\t\t\t\t<div class=\"elementor-widget-container\">\n\t\t\t\t\t<div class=\"elementor-text-editor elementor-clearfix\"><p>3) Ha minore ingombro, grazie alla configurazione Split e l&#8217;uso del refrigerante R410A;<\/p><\/div>\n\t\t\t\t<\/div>\n\t\t\t\t<\/div>\n\t\t\t\t\t<\/div>\n\t\t<\/div>\n\t\t\t\t\t\t\t<\/div>\n\t\t<\/section>\n\t\t\t\t<section class=\"elementor-section elementor-top-section elementor-element elementor-element-5923dc9 elementor-section-boxed elementor-section-height-default elementor-section-height-default\" data-id=\"5923dc9\" data-element_type=\"section\">\n\t\t\t\t\t\t<div class=\"elementor-container elementor-column-gap-default\">\n\t\t\t\t\t<div class=\"elementor-column elementor-col-100 elementor-top-column elementor-element elementor-element-6657868\" data-id=\"6657868\" data-element_type=\"column\">\n\t\t\t<div class=\"elementor-widget-wrap elementor-element-populated\">\n\t\t\t\t\t\t\t\t<div class=\"elementor-element elementor-element-8fbcce3 elementor-widget elementor-widget-image\" data-id=\"8fbcce3\" data-element_type=\"widget\" data-widget_type=\"image.default\">\n\t\t\t\t<div class=\"elementor-widget-container\">\n\t\t\t\t\t<div class=\"elementor-image\">\n\t\t\t\t\t\t\t\t\t\t<img width=\"640\" height=\"640\" src=\"https:\/\/www.itamp.org\/wp-content\/uploads\/2021\/07\/209674803_4082678841818842_3776577481651925257_n-1024x1024.jpg\" class=\"attachment-large size-large\" alt=\"\" loading=\"lazy\" srcset=\"https:\/\/www.itamp.org\/wp-content\/uploads\/2021\/07\/209674803_4082678841818842_3776577481651925257_n-1024x1024.jpg 1024w, https:\/\/www.itamp.org\/wp-content\/uploads\/2021\/07\/209674803_4082678841818842_3776577481651925257_n-300x300.jpg 300w, https:\/\/www.itamp.org\/wp-content\/uploads\/2021\/07\/209674803_4082678841818842_3776577481651925257_n-150x150.jpg 150w, https:\/\/www.itamp.org\/wp-content\/uploads\/2021\/07\/209674803_4082678841818842_3776577481651925257_n-768x768.jpg 768w, https:\/\/www.itamp.org\/wp-content\/uploads\/2021\/07\/209674803_4082678841818842_3776577481651925257_n.jpg 1440w\" sizes=\"(max-width: 640px) 100vw, 640px\" \/>\t\t\t\t\t\t\t\t\t\t\t<\/div>\n\t\t\t\t<\/div>\n\t\t\t\t<\/div>\n\t\t\t\t\t<\/div>\n\t\t<\/div>\n\t\t\t\t\t\t\t<\/div>\n\t\t<\/section>\n\t\t\t\t<section class=\"elementor-section elementor-top-section elementor-element elementor-element-248290a elementor-section-boxed elementor-section-height-default elementor-section-height-default\" data-id=\"248290a\" data-element_type=\"section\">\n\t\t\t\t\t\t<div class=\"elementor-container elementor-column-gap-default\">\n\t\t\t\t\t<div class=\"elementor-column elementor-col-100 elementor-top-column elementor-element elementor-element-7c839d8\" data-id=\"7c839d8\" data-element_type=\"column\">\n\t\t\t<div class=\"elementor-widget-wrap elementor-element-populated\">\n\t\t\t\t\t\t\t\t<div class=\"elementor-element elementor-element-3832791 elementor-widget elementor-widget-text-editor\" data-id=\"3832791\" data-element_type=\"widget\" data-widget_type=\"text-editor.default\">\n\t\t\t\t<div class=\"elementor-widget-container\">\n\t\t\t\t\t<div class=\"elementor-text-editor elementor-clearfix\"><p>4) Offre maggiore comfort acustico grazie al compressore e ai ventilatori azionati da inverter;<\/p><p>5) Funzionamento fino a -20 \u00b0C in inverno.<\/p><\/div>\n\t\t\t\t<\/div>\n\t\t\t\t<\/div>\n\t\t\t\t\t<\/div>\n\t\t<\/div>\n\t\t\t\t\t\t\t<\/div>\n\t\t<\/section>\n\t\t\t\t\t\t<\/div>\n\t\t\t\t\t<\/div>\n\t\t","protected":false},"excerpt":{"rendered":"<p>Le pompe di calore (Pdc) sono apparecchiature in grado di traferire energia termica da una sorgente a temperatura pi\u00f9 bassa ad una sorgente a temperatura pi\u00f9 bassa ad una sorgente a temperatura pi\u00f9 alta, utilizzando differenti forme di energia, generalmente elettrica. Ad esempio, per il riscaldamento invernale di un edificio, una pompa di calore opera sottraendo calore all&#8217;ambiente esterno, per&#8230;<\/p>\n","protected":false},"author":1,"featured_media":0,"parent":0,"menu_order":0,"comment_status":"closed","ping_status":"closed","template":"","meta":[],"_links":{"self":[{"href":"https:\/\/www.itamp.org\/index.php\/wp-json\/wp\/v2\/pages\/432"}],"collection":[{"href":"https:\/\/www.itamp.org\/index.php\/wp-json\/wp\/v2\/pages"}],"about":[{"href":"https:\/\/www.itamp.org\/index.php\/wp-json\/wp\/v2\/types\/page"}],"author":[{"embeddable":true,"href":"https:\/\/www.itamp.org\/index.php\/wp-json\/wp\/v2\/users\/1"}],"replies":[{"embeddable":true,"href":"https:\/\/www.itamp.org\/index.php\/wp-json\/wp\/v2\/comments?post=432"}],"version-history":[{"count":10,"href":"https:\/\/www.itamp.org\/index.php\/wp-json\/wp\/v2\/pages\/432\/revisions"}],"predecessor-version":[{"id":1048,"href":"https:\/\/www.itamp.org\/index.php\/wp-json\/wp\/v2\/pages\/432\/revisions\/1048"}],"wp:attachment":[{"href":"https:\/\/www.itamp.org\/index.php\/wp-json\/wp\/v2\/media?parent=432"}],"curies":[{"name":"wp","href":"https:\/\/api.w.org\/{rel}","templated":true}]}}